{"id":51,"date":"2021-11-04T13:02:50","date_gmt":"2021-11-04T11:02:50","guid":{"rendered":"http:\/\/www.wenzel-heizung.de\/wordpress\/?page_id=51"},"modified":"2024-01-10T21:16:13","modified_gmt":"2024-01-10T19:16:13","slug":"heizungsseite","status":"publish","type":"page","link":"https:\/\/www.wenzel-heizung.de\/?page_id=51","title":{"rendered":"Heizung"},"content":{"rendered":"<p>Wenzel Heizungsbau ist als Meisterbetrieb der Profi rund um das Thema Heizung. Wir unterst\u00fctzen Sie sowohl bei Neubau als auch bei der Modernisierung und arbeiten mit hochwertigen Produkten von namhaften Herstellern wie Hoval und Buderus. Unser Ziel ist Ihre Zufriedenheit!<\/p>\n<p>\u00dcberzeugen Sie sich selbst und vereinbaren Sie einen Beratungstermin mit uns. Unser Einsatzgebiet sind die Landkreise Roth, Wei\u00dfenburg-Gunzenhausen und Ansbach.<\/p>\n<p><a href=\"https:\/\/www.wenzel-heizung.de\/wordpress\/wp-content\/uploads\/2014\/11\/IMG_3257_mid.jpg\"><img loading=\"lazy\" decoding=\"async\" class=\"alignnone size-large wp-image-42\" src=\"https:\/\/www.wenzel-heizung.de\/wordpress\/wp-content\/uploads\/2014\/11\/IMG_3257_mid-1024x682.jpg\" alt=\"IMG_3257_mid\" width=\"640\" height=\"426\" srcset=\"https:\/\/www.wenzel-heizung.de\/wordpress\/wp-content\/uploads\/2014\/11\/IMG_3257_mid-1024x682.jpg 1024w, https:\/\/www.wenzel-heizung.de\/wordpress\/wp-content\/uploads\/2014\/11\/IMG_3257_mid-300x200.jpg 300w, https:\/\/www.wenzel-heizung.de\/wordpress\/wp-content\/uploads\/2014\/11\/IMG_3257_mid-450x300.jpg 450w, https:\/\/www.wenzel-heizung.de\/wordpress\/wp-content\/uploads\/2014\/11\/IMG_3257_mid.jpg 1200w\" sizes=\"(max-width: 640px) 100vw, 640px\" \/><\/a><\/p>\n<h2>Unser Kundendienst<\/h2>\n<p>Bei St\u00f6rungen oder Sch\u00e4den bieten wir unseren Kunden einen zuverl\u00e4ssigen Reparatur- und Wartungsservice. Eine regelm\u00e4\u00dfige Wartung Ihrer Heizung dient dazu, diesen Problemen und somit h\u00f6heren Kosten durch Sch\u00e4den vorzubeugen. Wir \u00fcbernehmen gerne diese Aufgabe. Sprechen Sie mit uns.<\/p>\n","protected":false},"excerpt":{"rendered":"<p>Wenzel Heizungsbau ist als Meisterbetrieb der Profi rund um das Thema Heizung. Wir unterst\u00fctzen Sie sowohl bei Neubau als auch bei der Modernisierung und arbeiten mit hochwertigen Produkten von namhaften Herstellern wie Hoval und Buderus. Unser Ziel ist Ihre Zufriedenheit! \u00dcberzeugen Sie sich selbst und vereinbaren Sie einen Beratungstermin mit uns. Unser Einsatzgebiet sind die &#8230; <a title=\"Heizung\" class=\"read-more\" href=\"https:\/\/www.wenzel-heizung.de\/?page_id=51\" aria-label=\"Mehr dazu unter Heizung\">Weiterlesen<\/a><\/p>\n","protected":false},"author":1,"featured_media":41,"parent":0,"menu_order":0,"comment_status":"closed","ping_status":"closed","template":"","meta":{"footnotes":""},"_links":{"self":[{"href":"https:\/\/www.wenzel-heizung.de\/index.php?rest_route=\/wp\/v2\/pages\/51"}],"collection":[{"href":"https:\/\/www.wenzel-heizung.de\/index.php?rest_route=\/wp\/v2\/pages"}],"about":[{"href":"https:\/\/www.wenzel-heizung.de\/index.php?rest_route=\/wp\/v2\/types\/page"}],"author":[{"embeddable":true,"href":"https:\/\/www.wenzel-heizung.de\/index.php?rest_route=\/wp\/v2\/users\/1"}],"replies":[{"embeddable":true,"href":"https:\/\/www.wenzel-heizung.de\/index.php?rest_route=%2Fwp%2Fv2%2Fcomments&post=51"}],"version-history":[{"count":6,"href":"https:\/\/www.wenzel-heizung.de\/index.php?rest_route=\/wp\/v2\/pages\/51\/revisions"}],"predecessor-version":[{"id":141,"href":"https:\/\/www.wenzel-heizung.de\/index.php?rest_route=\/wp\/v2\/pages\/51\/revisions\/141"}],"wp:featuredmedia":[{"embeddable":true,"href":"https:\/\/www.wenzel-heizung.de\/index.php?rest_route=\/wp\/v2\/media\/41"}],"wp:attachment":[{"href":"https:\/\/www.wenzel-heizung.de\/index.php?rest_route=%2Fwp%2Fv2%2Fmedia&parent=51"}],"curies":[{"name":"wp","href":"https:\/\/api.w.org\/{rel}","templated":true}]}}